= 0. What is the highest common divisor of j and 25?
25
Let p = 109 - 51. Let s = 93 - p. Suppose -3*n + 5*n - 26 = o, 0 = -4*n - o + 58. What is the greatest common factor of n and s?
7
Suppose 216*m - 251*m + 3640 = 0. Suppose -h = 2*o - 30, -74 = -h - 2*h + 2*o. What is the highest common divisor of m and h?
26
Let v be (43 - -2) + 0 - (-1 + -3). Let l = v + -15. What is the highest common factor of l and 102?
34
Let y(d) = -2*d**2 + 41*d + 22. Let o be y(21). Calculate the highest common divisor of 1109 and o.
1
Let b be (63 + -62)/(((-6)/154)/(-3)). Let g = 2 - -9. What is the highest common factor of g and b?
11
Suppose 3*q = 4*m - 17, -3*m - q + 14 = -2. Suppose -4*f = -m*f + 15. Suppose 4*b + 5*l - f = -b, 18 = 2*b - l. What is the highest common divisor of b and 1?
1
Let j be ((-1 + 30)*-1)/(127/(-3302)). Let z = -715 + j. Calculate the greatest common factor of 351 and z.
39
Let p = 555 - 30. Suppose -z + 517 = 3*n - 4*n, 3*n = z - p. What is the greatest common factor of 19 and z?
19
Suppose k - 5*u - 40 = 0, -3*u + 31 + 129 = 4*k. Suppose k*h + 28 = 41*h. Calculate the greatest common divisor of h and 77.
7
Suppose h = 4*j - 0*h - 9, 0 = 3*j - 4*h + 3. Let r(q) = 6*q**2 - q + 2. Let c be r(j). Let u = -42 + c. Calculate the greatest common factor of u and 22.
11
Let p = 128 + -126. Let k be (p/(-4))/(-1) + 87/(-174). Suppose 2*r - 2*v + 4*v - 666 = k, 3*r = 5*v + 1023. Calculate the greatest common divisor of r and 21.
21
Let l = 108 + -105. Suppose l*x - 701 = -668. Calculate the highest common factor of x and 88.
11
Suppose -2*m + 8 = -4*g, 0 = -m + 6*m - g - 20. Suppose m*o + 0*o - 528 = 0. Suppose -2*r + o = -0*r. What is the highest common divisor of 33 and r?
33
Let h be (-1)/(-3)*(5 - -49). Let t(l) = l**3 - 35*l**2 + 5*l - 41. Let s be t(35). Suppose 6*n - 458 = -s. Calculate the highest common factor of h and n.
18
Let i(b) = -b**3 + 16*b**2 - 25*b - 67. Let t be i(13). Suppose 178 = 3*g + t. Calculate the greatest common divisor of 15 and g.
3
Suppose -131*g + 127*g - 836 = -4*h, -796 = -4*h - 4*g. Calculate the greatest common factor of h and 18.
6
Let g be (-1 + (-1)/((-12)/16))*12. Suppose g*s - 4*f - 340 = 0, -s - 5*f + 295 = 2*s. Let i = 99 - s. Calculate the highest common factor of 15 and i.
3
Let o be 3/(-12) - 106/(-8). Let u(g) = -g**3 - 13*g**2 + 18*g - 37. Let d be u(-15). Calculate the greatest common divisor of o and d.
13
Let y be (-6)/(-10) + 6471/15. Suppose 0 = u + 3*u - y. Suppose 0 = -2*d + 3*b + 21, 3*d - 8*d - 5*b = -65. Calculate the highest common divisor of d and u.
12
Suppose -2*z + z = -31. Let v(o) = 11*o - 2 + 13 - 3 - 7*o**2 + 1 + o**3 - 6. Let s be v(8). What is the greatest common factor of s and z?
31
Suppose -470*d = -471*d - k - 3, 4*d = 3*k + 37. Calculate the highest common factor of 4848 and d.
4
Let o be 7 + (-4 - 4/(-2)). Suppose -3*f - 4*t = 16, -o*f + 2 - 38 = 2*t. Let k = 18 + f. Calculate the greatest common divisor of k and 15.
5
Suppose -1991*n + 29000 = -1875*n. What is the highest common factor of n and 5275?
25
Let o = 3581 + 12799. What is the greatest common factor of 7 and o?
7
Let p = -11128 + 12430. Calculate the greatest common divisor of p and 168.
42
Suppose -2*c - 94 = -144. Suppose -5*k = -c + 5. Let o(y) = 2*y + 4. Let x be o(4). What is the greatest common factor of k and x?
4
Let l = -549 + 568. Suppose 0 = 2*p + 5*n + 2, 2*p - l*n - 10 = -18*n. What is the highest common factor of 4 and p?
4
Let h(z) be the third derivative of z**5/15 + 5*z**4/24 - 15*z**2. Let l be h(-3). Calculate the greatest common factor of 56 and l.
7
Suppose -95*r + 98*r + 3*z - 12330 = 0, -3*r = -5*z - 12378. What is the greatest common divisor of r and 168?
84
Suppose -j = 3*j - 4. Let p be -3 + 2 - (-36)/j. Suppose c + 900 = 5*a - 4*c, 3*c = -5*a + 860. What is the highest common factor of a and p?
35
Let v be ((-10)/8)/((-86)/3784). Calculate the highest common factor of v and 635.
5
Let o be ((-24)/(-15))/(2/5) + 3. Suppose o*h - 11*h = -832. What is the highest common divisor of h and 16?
16
Let i(s) = 10*s**2 - 37*s - 23. Let u be i(-8). Calculate the greatest common divisor of u and 332.
83
Let z(d) = -2*d**2 + 51*d + 34. Let q be z(25). Suppose q = -2077*a + 2078*a. What is the highest common divisor of 413 and a?
59
Let m be (-4)/(-2)*-15*(-114)/36. Suppose -4*c = -85 + 9. What is the greatest common factor of c and m?
19
Let p(s) = 7*s**2 + 62*s + 155. Let h(n) = -4*n**2 - 31*n - 77. Let z(k) = -5*h(k) - 3*p(k). Let i be z(-20). What is the highest common factor of i and 56?
28
Suppose -15 = 28*o - 23*o. Let j(v) = 10*v + 33. Let p be j(o). Suppose 0 = 4*y + p*y - 980. Calculate the highest common factor of 20 and y.
20
Suppose -16*s + 20*s + 4*a - 508 = 0, -2*s + 4*a = -212. Calculate the greatest common divisor of 45 and s.
15
Let x be (28/(-20))/((-47)/1645). Suppose -5*z - 1249 = -d - d, -4*z + 3205 = 5*d. Calculate the highest common factor of x and d.
49
Let g = 612 - 604. What is the greatest common factor of g and 536?
8
Suppose 5*d - 2*n - 2636 = -n, 3*d + 5*n - 1604 = 0. Let h(r) = r**3 + 54*r**2 - 96*r + 992. Let a be h(-56). Calculate the highest common factor of a and d.
48
Suppose 6*b + 5 = 41. Let a be 6/3*87/b. Calculate the greatest common factor of 29 and a.
29
Let l = 3345 + -3300. Calculate the highest common divisor of 459 and l.
9
Let y = -2146 + 2866. What is the greatest common factor of 1152 and y?
144
Let m be (-5)/(-20) + ((-1338)/(-8))/3. Suppose -4*r + 5*r = -m. Let o = 74 + r. What is the highest common factor of 2 and o?
2
Let v(m) = -303*m - 309*m - 307*m - 4 + 917*m + 5*m**2 + 10*m**3. Let g be v(4). Calculate the highest common factor of 59 and g.
59
Let m(v) = 24*v - 42. Let u(q) = 2*q**3 - 14*q**2 - 14*q - 3. Let l be u(8). Let o be m(l). What is the highest common factor of o and 10?
10
Let n(d) = -3*d**2 + 14*d - 36. Let t(w) = -4*w**2 + 14*w - 36. Let i(x) = 3*n(x) - 2*t(x). Let g be i(4). Calculate the highest common factor of g and 18.
2
Let i = -19 + 33. Let h be ((-10)/4*616/770)/(4/(-406)). What is the highest common divisor of h and i?
7
Let a be (-2 + 1)*(6 - -727). Let u = a - -799. What is the greatest common divisor of 99 and u?
33
Let x be (280/(-2))/((-24)/96). Suppose -12*f - x = -16*f. Calculate the highest common divisor of f and 350.
70
Suppose -231 = -5*b + 104. Suppose -2*o - 4*g = 77 + 13, -3*o = -3*g + 99. Let y = o + b. Calculate the highest common factor of y and 3.
3
Suppose 50*l = 43*l + 5495. Suppose -30*t + 115 = -l. Calculate the greatest common divisor of t and 75.
15
Suppose 14*k = 199 + 137. Suppose -1951 - 9929 = -22*d. Calculate the highest common divisor of d and k.
12
Let p be (-97 - -83)*(-33)/6. What is the greatest common factor of 371 and p?
7
Let h be 5 + 1 + 32 - -2. Suppose 0 = 3*t + w - 30, w = 15*t - 17*t + 20. Calculate the highest common divisor of t and h.
10
Let z be 223/(2/(-8)*24/30). Let b = 1570 + z. What is the greatest common factor of 13 and b?
13
Let u = -8 - -13. Suppose -5*s + 245 = u*y, s - 46 = y + y. Let o be 315/(-70)*((-9)/(-6) + (-25)/6). Calculate the greatest common divisor of o and s.
12
Suppose -98*t + 33*t + 195 = 0. What is the greatest common divisor of t and 1128?
3
Let g = 16 + -11. Let s be ((-2)/g)/(5/125). Let q(v) = -v**3 - 11*v**2 - 12*v - 6. Let h be q(s). Calculate the highest common factor of h and 154.
14
Let n be (132/(-84))/(2453/154 + -16). Suppose 5*t + 3*m = 801, -284 = 5*t + 5*m - 1089. Let p = t - 104. Calculate the greatest common divisor of n and p.
11
Let h be (-1080)/32*16/(-3). Suppose 3*g + 3*b - 7*b = 163, -5*b + 145 = 4*g. What is the highest common factor of g and h?
45
Suppose 2 = -5*z + 12, -2*j + 38 = 5*z. Let s = j - 6. Let a(i) = 6*i**2 - 21*i + 42. Let t be a(2). Calculate the highest common divisor of t and s.
8
Suppose -5*v + 256 = -2*d, 736*d - 105 = -2*v + 737*d. Suppose 5*z = 4*f + 226, 3*f - 1 = 2*f. What is the highest common factor of z and v?
46
Let z be (-4274484)/639*4/(16/(-3)). What is the greatest common factor of 346 and z?
173
Suppose 267 - 263 = -4*x, -2*x = -b + 431. Calculate the highest common factor of b and 1092.
39
Let d(p) = -p**2 + p. Let f be (-2)/(-1)*(-3)/(-2). Let x be d(f). Let z be ((-8)/(-6))/(x/(-23